ommon divisor of 150059 and 17.
17
Calculate the greatest common divisor of 81 and 16191.
9
Calculate the greatest common factor of 25559 and 88409.
419
What is the highest common divisor of 3173 and 1501?
19
What is the greatest common divisor of 52 and 388?
4
Calculate the highest common factor of 36 and 839502.
18
What is the highest common divisor of 54 and 10827?
27
What is the greatest common factor of 46 and 1698?
2
Calculate the highest common divisor of 13222 and 88.
22
What is the greatest common divisor of 12663 and 1070727?
1407
Calculate the greatest common divisor of 6796 and 84.
4
Calculate the highest common factor of 184 and 1069592.
184
What is the greatest common factor of 111481 and 7659?
851
What is the greatest common divisor of 7563797 and 631?
631
Calculate the greatest common factor of 32699 and 1007.
19
What is the greatest common factor of 510 and 18190?
170
Calculate the greatest common factor of 2946 and 270.
6
What is the greatest common divisor of 567 and 60183?
81
Calculate the greatest common factor of 21 and 1566747.
21
What is the greatest common divisor of 1302 and 2480?
62
What is the greatest common factor of 72693 and 11439?
369
Calculate the highest common factor of 58 and 87058.
58
Calculate the highest common divisor of 2 and 2270.
2
Calculate the greatest common divisor of 21945 and 88.
11
Calculate the greatest common divisor of 164 and 26855.
41
Calculate the highest common factor of 114 and 575624.
38
What is the greatest common divisor of 161967 and 195?
39
Calculate the highest common divisor of 68096 and 1596.
532
Calculate the highest common factor of 16 and 2616.
8
Calculate the greatest common factor of 58597 and 77.
77
Calculate the highest common divisor of 140591 and 11.
11
What is the highest common factor of 2686 and 1088?
34
What is the highest common divisor of 8 and 9276?
4
What is the greatest common factor of 172916 and 1244?
1244
What is the greatest common factor of 83513 and 23?
23
Calculate the highest common divisor of 2 and 9742.
2
What is the greatest common divisor of 48 and 89424?
48
What is the highest common divisor of 1915 and 15?
5
What is the highest common divisor of 208 and 788?
4
What is the greatest common factor of 6579 and 100147?
731
What is the greatest common divisor of 100 and 7024?
4
Calculate the highest common divisor of 21600 and 6675.
75
Calculate the highest common divisor of 141400 and 38380.
2020
Calculate the greatest common factor of 2434 and 100.
2
What is the highest common factor of 17 and 310029?
17
What is the highest common factor of 25545 and 273?
39
What is the highest common factor of 336 and 18672?
48
What is the greatest common factor of 514394 and 1866?
622
Calculate the highest common factor of 32889 and 171.
57
Calculate the greatest common factor of 1560286 and 1456.
182
Calculate the highest common divisor of 6384080 and 80.
80
Calculate the greatest common factor of 89630 and 130.
10
What is the highest common factor of 2684 and 291092?
244
What is the highest common divisor of 15054 and 402?
6
What is the greatest common divisor of 70374 and 77348?
634
Calculate the highest common divisor of 28 and 2192428.
28
What is the highest common factor of 104 and 117754?
26
What is the highest common divisor of 1250 and 6013750?
1250
Calculate the highest common factor of 4150055 and 5212.
1303
Calculate the greatest common divisor of 33782 and 4389.
133
Calculate the highest common divisor of 155268 and 114.
114
What is the highest common divisor of 156 and 19428?
12
Calculate the greatest common divisor of 88 and 952930.
22
Calculate the highest common divisor of 562768 and 1360.
272
What is the greatest common factor of 3523 and 4065?
271
Calculate the greatest common factor of 37 and 1009.
1
What is the greatest common factor of 150179 and 79?
79
What is the highest common factor of 12837 and 44?
11
Calculate the highest common factor of 280 and 17040.
40
Calculate the greatest common divisor of 33014 and 102.
34
What is the greatest common factor of 963657 and 324?
81
Calculate the greatest common factor of 524088 and 252.
36
What is the greatest common factor of 115921 and 962?
481
What is the highest common divisor of 225 and 81225?
225
What is the greatest common factor of 675 and 1052595?
135
Calculate the greatest common divisor of 42 and 32151.
21
Calculate the greatest common divisor of 46720 and 3285.
365
What is the highest common divisor of 12857 and 12558?
299
What is the greatest common divisor of 858455 and 1222?
611
What is the greatest common factor of 564 and 37929?
141
Calculate the greatest common factor of 6579 and 2967.
129
Calculate the greatest common factor of 1235568 and 192.
48
What is the highest common divisor of 273852 and 36?
36
What is the highest common divisor of 1139 and 7939?
17
What is the highest common divisor of 7125 and 6375?
375
What is the greatest common factor of 36092 and 364?
28
Calculate the highest common factor of 68 and 95353.
17
Calculate the greatest common divisor of 408 and 4072.
8
What is the highest common factor of 192 and 280?
8
What is the highest common divisor of 619 and 1905901?
619
What is the greatest common factor of 281520 and 828?
828
What is the greatest common divisor of 8296 and 3026?
34
What is the greatest common factor of 102632 and 24?
8
What is the greatest common factor of 365106 and 7?
7
Calculate the greatest common divisor of 14216 and 3.
1
What is the highest common divisor of 240 and 59088?
48
What is the greatest common divisor of 27390 and 4290?
330
Calculate the highest common divisor of 819 and 7891.
13
What is the highest common divisor of 17121 and 21?
3
What is the highest common factor of 180 and 22248?
36
Calculate the greatest common divisor of 18 and 13716.
18
What is the greatest common factor of 69 and 1702?
23
What is the greatest common factor of 135 and 665?
5
What is the highest common divisor of 10278 and 90?
18
Calculate the greatest common factor of 3102 and 872696.
1034
What is the greatest common divisor of 18 and 2202?
6
What is the greatest common divisor of 26320 and 320?
80
What is the greatest common factor of 1333477 and 19?
19
What is the highest common divisor of 390726 and 966?
42
What is the greatest common divisor of 140 and 1108?
4
What is the highest common divisor of 2552850 and 837?
837
Calculate the greatest common divisor of 133 and 5567.
19
Calculate the highest common divisor of 508 and 296926.
254
What is the highest common divisor of 113669 and 591?
197
What is the highest common factor of 159 and 48071?
53
Calculate the highest common divisor of 14514991 and 17.
17
Calculate the highest common divisor of 433742 and 1096.
274
What is the highest common factor of 203776 and 30208?
512
What is the highest common factor of 33420 and 840?
60
Calculate the greatest common divisor of 31465 and 17661.
203
What is the highest common divisor of 279 and 13131693?
279
Calculate the greatest common divisor of 11850 and 60.
30
Calculate the highest common divisor of 1795 and 297611.
359
What is the highest common factor of 330 and 8008?
22
What is the greatest common factor of 9493 and 451?
11
Calculate the highest common divisor of 6180 and 104648.
412
What is the highest common factor of 23 and 3531144?
23
Calculate the greatest common factor of 11 and 44231.
11
Calculate the highest common divisor of 15089 and 15471.
191
What is the greatest common divisor of 253 and 603451?
23
Calculate the highest common divisor of 291 and 78376.
97
Calculate the highest common divisor of 271120 and 2160.
80
Calculate the greatest common divisor of 19 and 12711.
19
What is the greatest common divisor of 272 and 254456?
136
What is the highest common factor of 18285 and 4485?
345
Calculate the highest common factor of 12 and 80068.
4
What is the greatest common factor of 27193 and 265036?
383
Calculate the highest common factor of 481 and 86099.
481
What is the greatest common divisor of 71920 and 35?
5
Calculate the highest common factor of 242151 and 273.
273
What is the highest common divisor of 51002 and 742?
14
Calculate the highest common factor of 2116 and 188968.
92
What is the greatest common divisor of 2295480 and 740?
740
Wh